{"id":1361,"date":"2014-09-30T11:45:46","date_gmt":"2014-09-30T09:45:46","guid":{"rendered":"http:\/\/naukawprzestrzeni.put.poznan.pl\/serwis\/?page_id=1361"},"modified":"2015-04-10T01:10:28","modified_gmt":"2015-04-09T23:10:28","slug":"ksztaltowanie-przestrzeni","status":"publish","type":"page","link":"http:\/\/naukawprzestrzeni.put.poznan.pl\/serwis\/ksztaltowanie-przestrzeni\/","title":{"rendered":"Kszta\u0142towanie Przestrzeni"},"content":{"rendered":"<p>Na tej stronie znajduj\u0105 si\u0119 scenariusze prezentowane w publikacji<br \/>\nKSZTA\u0141TOWANIE PRZESTRZENI<br \/>\nProgram edukacyjny Izby Architekt\u00f3w RP dla m\u0142odzie\u017cy szk\u00f3\u0142 ponadpodstawowych.<\/p>\n<p><iframe loading=\"lazy\" src=\"https:\/\/drive.google.com\/file\/d\/0B3gC0La_qd1sc0hNYkx0REFFUkE\/preview\" height=\"770\" width=\"100%\" style=\"border: none\"><\/iframe><\/p>\n","protected":false},"excerpt":{"rendered":"<p>Na tej stronie znajduj\u0105 si\u0119 scenariusze prezentowane w publikacji KSZTA\u0141TOWANIE PRZESTRZENI Program edukacyjny Izby Architekt\u00f3w RP dla m\u0142odzie\u017cy szk\u00f3\u0142 ponadpodstawowych.<\/p>\n<a role=\"link\" class=\"rtp-readmore\" title=\"Czytaj dalej post pt. Kszta\u0142towanie Przestrzeni\" href=\"http:\/\/naukawprzestrzeni.put.poznan.pl\/serwis\/ksztaltowanie-przestrzeni\/\" rel=\"nofollow\">Czytaj dalej \u2192<\/a>","protected":false},"author":21,"featured_media":0,"parent":0,"menu_order":0,"comment_status":"closed","ping_status":"closed","template":"","meta":{"footnotes":""},"_links":{"self":[{"href":"http:\/\/naukawprzestrzeni.put.poznan.pl\/serwis\/wp-json\/wp\/v2\/pages\/1361"}],"collection":[{"href":"http:\/\/naukawprzestrzeni.put.poznan.pl\/serwis\/wp-json\/wp\/v2\/pages"}],"about":[{"href":"http:\/\/naukawprzestrzeni.put.poznan.pl\/serwis\/wp-json\/wp\/v2\/types\/page"}],"author":[{"embeddable":true,"href":"http:\/\/naukawprzestrzeni.put.poznan.pl\/serwis\/wp-json\/wp\/v2\/users\/21"}],"replies":[{"embeddable":true,"href":"http:\/\/naukawprzestrzeni.put.poznan.pl\/serwis\/wp-json\/wp\/v2\/comments?post=1361"}],"version-history":[{"count":10,"href":"http:\/\/naukawprzestrzeni.put.poznan.pl\/serwis\/wp-json\/wp\/v2\/pages\/1361\/revisions"}],"predecessor-version":[{"id":2100,"href":"http:\/\/naukawprzestrzeni.put.poznan.pl\/serwis\/wp-json\/wp\/v2\/pages\/1361\/revisions\/2100"}],"wp:attachment":[{"href":"http:\/\/naukawprzestrzeni.put.poznan.pl\/serwis\/wp-json\/wp\/v2\/media?parent=1361"}],"curies":[{"name":"wp","href":"https:\/\/api.w.org\/{rel}","templated":true}]}}